{"id":3610,"date":"2026-04-24T09:37:46","date_gmt":"2026-04-24T09:37:46","guid":{"rendered":"https:\/\/eliasblanco.com\/volvopenta\/?page_id=3610"},"modified":"2026-04-24T10:52:33","modified_gmt":"2026-04-24T10:52:33","slug":"invernaje","status":"publish","type":"page","link":"https:\/\/eliasblanco.com\/volvopenta\/invernaje\/","title":{"rendered":"Invernaje"},"content":{"rendered":"\t\t<div data-elementor-type=\"wp-page\" data-elementor-id=\"3610\" class=\"elementor elementor-3610\" data-elementor-post-type=\"page\">\n\t\t\t\t<div class=\"elementor-element elementor-element-ae570a9 e-flex e-con-boxed e-con e-parent\" data-id=\"ae570a9\" data-element_type=\"container\" data-e-type=\"container\">\n\t\t\t\t\t<div class=\"e-con-inner\">\n\t\t\t\t<div class=\"elementor-element elementor-element-92d6cd3 elementor-widget elementor-widget-heading\" data-id=\"92d6cd3\" data-element_type=\"widget\" data-e-type=\"widget\" data-widget_type=\"heading.default\">\n\t\t\t\t\t<h2 class=\"elementor-heading-title elementor-size-default\">invernaje<\/h2>\t\t\t\t<\/div>\n\t\t\t\t\t<\/div>\n\t\t\t\t<\/div>\n\t\t<div class=\"elementor-element elementor-element-43afc90 e-flex e-con-boxed e-con e-parent\" data-id=\"43afc90\" data-element_type=\"container\" data-e-type=\"container\">\n\t\t\t\t\t<div class=\"e-con-inner\">\n\t\t\t\t<div class=\"elementor-element elementor-element-564d7cd elementor-widget elementor-widget-heading\" data-id=\"564d7cd\" data-element_type=\"widget\" data-e-type=\"widget\" data-widget_type=\"heading.default\">\n\t\t\t\t\t<h2 class=\"elementor-heading-title elementor-size-default\">Prolonga la vida de tu motor<\/h2>\t\t\t\t<\/div>\n\t\t\t\t\t<\/div>\n\t\t\t\t<\/div>\n\t\t<div class=\"elementor-element elementor-element-f57608c e-flex e-con-boxed e-con e-parent\" data-id=\"f57608c\" data-element_type=\"container\" data-e-type=\"container\">\n\t\t\t\t\t<div class=\"e-con-inner\">\n\t\t<div class=\"elementor-element elementor-element-cfe8819 e-con-full e-flex e-con e-child\" data-id=\"cfe8819\" data-element_type=\"container\" data-e-type=\"container\">\n\t\t\t\t<div class=\"elementor-element elementor-element-325b5ec elementor-widget elementor-widget-image\" data-id=\"325b5ec\" data-element_type=\"widget\" data-e-type=\"widget\" data-widget_type=\"image.default\">\n\t\t\t\t\t\t\t\t\t\t\t\t\t\t\t<img fetchpriority=\"high\" decoding=\"async\" width=\"1080\" height=\"1350\" src=\"https:\/\/eliasblanco.com\/volvopenta\/wp-content\/uploads\/2020\/04\/invernaje.png\" class=\"attachment-full size-full wp-image-2443\" alt=\"invernaje\" srcset=\"https:\/\/eliasblanco.com\/volvopenta\/wp-content\/uploads\/2020\/04\/invernaje.png 1080w, https:\/\/eliasblanco.com\/volvopenta\/wp-content\/uploads\/2020\/04\/invernaje-240x300.png 240w, https:\/\/eliasblanco.com\/volvopenta\/wp-content\/uploads\/2020\/04\/invernaje-819x1024.png 819w, https:\/\/eliasblanco.com\/volvopenta\/wp-content\/uploads\/2020\/04\/invernaje-768x960.png 768w\" sizes=\"(max-width: 1080px) 100vw, 1080px\" \/>\t\t\t\t\t\t\t\t\t\t\t\t\t\t\t<\/div>\n\t\t\t\t<\/div>\n\t\t<div class=\"elementor-element elementor-element-1772ed8 e-con-full e-flex e-con e-child\" data-id=\"1772ed8\" data-element_type=\"container\" data-e-type=\"container\">\n\t\t\t\t<div class=\"elementor-element elementor-element-2dff6a9 elementor-widget elementor-widget-text-editor\" data-id=\"2dff6a9\" data-element_type=\"widget\" data-e-type=\"widget\" data-widget_type=\"text-editor.default\">\n\t\t\t\t\t\t\t\t\t<p><strong>El invernaje<\/strong>\u00a0forma parte del plan de\u00a0<a href=\"https:\/\/eliasblanco.com\/volvopenta\/contrato-de-servicios-volvo-penta\/\">mantenimiento<\/a>\u00a0proporcionado por Volvo Penta\u00a0<strong>para alargar la vida de tu motor y de tu embarcaci\u00f3n<\/strong>. Es importante seguir dicho plan, que est\u00e1 disponible en su manual de usuario.<\/p><p class=\"wp-block-heading\">Para el invernaje y la botadura hay revisar varios puntos en el motor y la cola.\u00a0<strong>Esta revisi\u00f3n le llevar\u00e1 un par de horas al a\u00f1o<\/strong>. Sin embargo, le asegurar\u00e1 que su motor funcione con m\u00e1s seguridad y de forma m\u00e1s econ\u00f3mica. As\u00ed reducir\u00e1 las posibilidades de aver\u00eda y consumir\u00e1 menos combustible.<\/p><p>La combinaci\u00f3n de varios factores exteriores propios a la situaci\u00f3n de su embarcaci\u00f3n, como la humedad, la sal, el viento, el sol e incrustaciones, impone unas serias de medidas para limitar estos efectos.<br \/>Le podemos aconsejar y ayudar.<\/p><p>El aceite y el filtro deben cambiarse aproximadamente cada 100 horas de funcionamiento, o una vez por temporada. Si el motor incorpora filtro de aire, \u00e9ste deber\u00e1 sustituirse una vez al a\u00f1o. Un motor con un filtro de aire limpio es m\u00e1s eficaz y gasta menos combustible.<\/p><p class=\"wp-block-heading\">El servicio y mantenimiento de forma regular del\u00a0<strong>sistema de refrigeraci\u00f3n\u00a0<\/strong>es una forma eficaz de evitar da\u00f1os a causa de sobrecalentamiento. Es tambi\u00e9n importante proteger el sistema de refrigeraci\u00f3n para el invernaje y as\u00ed evitar problemas de congelaci\u00f3n y decorrosi\u00f3n.<\/p><p>El rodete bombea agua al sistema de refrigeraci\u00f3n. Es por tanto una pieza de vital importancia para elmotor.\u00a0<strong>Sustituya el rodete al menos cada dos a\u00f1os<\/strong>, si bien un rodete desgastado o deteriorado debe sustituirse inmediatamente.<\/p><p>La goma de las\u00a0<strong>mangueras de refrigeraci\u00f3n y de escape<\/strong>\u00a0se deterioran con el tiempo. Por ello es necesario revisar al menos una vez al a\u00f1o las mangueras para ver si presentan signos de estar agrietadas o cualquier otro tipo de da\u00f1o.<\/p><p>Tambi\u00e9n es conveniente revisar<strong>\u00a0la correa del alternador y la de la bomba de agua\u00a0<\/strong>dulce varias veces al a\u00f1o y asegurarse de que est\u00e1n bien tensas y que no presentan grietas ni est\u00e1n desgastadas. Una correa de transmisi\u00f3n perfecta proporciona un efecto de carga \u00f3ptimo, reduciendo al mismo tiempo el riesgo de sobrecalentamiento.<\/p><p>El salitre y la humedad del aire del mar constituyen un entorno poco favorable para el funcionamientodel sistema el\u00e9ctrico, el cual puede verse afectado por corrientes, corrosi\u00f3n y ca\u00eddas de tensi\u00f3n si nos se revisa con regularidad.<\/p><p>Cuando se revise el sistema de combustible, es crucial la seguridad y por ello, se deben utilizar siempre, piezas originales.<\/p><p class=\"wp-block-heading\">Estos son s\u00f3lo unos pocos de los par\u00e1metros que se revisan durante el invernaje. Confiar en la experiencia y saber hacer de nuestros t\u00e9cnicos para realizarlo te ahorrar\u00e1 calentamientos de cabeza y te asegurar\u00e1 un resultado satisfactorio.<\/p><p><a href=\"https:\/\/eliasblanco.com\/volvopenta\/wp-content\/uploads\/2020\/06\/Gui%CC%81a-Invernaje.pdf\" target=\"_blank\" rel=\"noreferrer noopener\">Gu\u00eda de invernaje PDF<\/a><\/p><p>Puedes comprar online tu recambio original Volvo Penta en nuestra\u00a0<a href=\"https:\/\/www.volvopenta.com\/shop\/523839\" target=\"_blank\" rel=\"noreferrer noopener\">tienda virtual volvo penta shop<\/a>.<\/p>\t\t\t\t\t\t\t\t<\/div>\n\t\t\t\t<\/div>\n\t\t\t\t\t<\/div>\n\t\t\t\t<\/div>\n\t\t\t\t<\/div>\n\t\t","protected":false},"excerpt":{"rendered":"<p>invernaje Prolonga la vida de tu motor El invernaje\u00a0forma parte del plan de\u00a0mantenimiento\u00a0proporcionado por Volvo Penta\u00a0para alargar la vida de tu motor y de tu embarcaci\u00f3n. Es importante seguir dicho plan, que est\u00e1 disponible en su manual de usuario. Para el invernaje y la botadura hay revisar varios puntos en el motor y la cola.\u00a0Esta [&hellip;]<\/p>\n","protected":false},"author":6,"featured_media":0,"parent":0,"menu_order":0,"comment_status":"closed","ping_status":"closed","template":"elementor_canvas","meta":{"_genesis_hide_title":false,"_genesis_hide_breadcrumbs":false,"_genesis_hide_singular_image":false,"_genesis_hide_footer_widgets":false,"_genesis_custom_body_class":"","_genesis_custom_post_class":"","_genesis_layout":"","footnotes":""},"class_list":{"0":"post-3610","1":"page","2":"type-page","3":"status-publish","5":"entry"},"featured_image_src":null,"featured_image_src_square":null,"_links":{"self":[{"href":"https:\/\/eliasblanco.com\/volvopenta\/wp-json\/wp\/v2\/pages\/3610","targetHints":{"allow":["GET"]}}],"collection":[{"href":"https:\/\/eliasblanco.com\/volvopenta\/wp-json\/wp\/v2\/pages"}],"about":[{"href":"https:\/\/eliasblanco.com\/volvopenta\/wp-json\/wp\/v2\/types\/page"}],"author":[{"embeddable":true,"href":"https:\/\/eliasblanco.com\/volvopenta\/wp-json\/wp\/v2\/users\/6"}],"replies":[{"embeddable":true,"href":"https:\/\/eliasblanco.com\/volvopenta\/wp-json\/wp\/v2\/comments?post=3610"}],"version-history":[{"count":5,"href":"https:\/\/eliasblanco.com\/volvopenta\/wp-json\/wp\/v2\/pages\/3610\/revisions"}],"predecessor-version":[{"id":3725,"href":"https:\/\/eliasblanco.com\/volvopenta\/wp-json\/wp\/v2\/pages\/3610\/revisions\/3725"}],"wp:attachment":[{"href":"https:\/\/eliasblanco.com\/volvopenta\/wp-json\/wp\/v2\/media?parent=3610"}],"curies":[{"name":"wp","href":"https:\/\/api.w.org\/{rel}","templated":true}]}}