{"id":3537,"date":"2026-04-24T08:56:06","date_gmt":"2026-04-24T08:56:06","guid":{"rendered":"https:\/\/eliasblanco.com\/volvopenta\/?page_id=3537"},"modified":"2026-04-24T10:53:42","modified_gmt":"2026-04-24T10:53:42","slug":"motores-para-genset-volvo-penta","status":"publish","type":"page","link":"https:\/\/eliasblanco.com\/volvopenta\/motores-para-genset-volvo-penta\/","title":{"rendered":"Motores para GENSET Volvo Penta"},"content":{"rendered":"\t\t<div data-elementor-type=\"wp-page\" data-elementor-id=\"3537\" class=\"elementor elementor-3537\" data-elementor-post-type=\"page\">\n\t\t\t\t<div class=\"elementor-element elementor-element-891114d e-flex e-con-boxed e-con e-parent\" data-id=\"891114d\" data-element_type=\"container\" data-e-type=\"container\">\n\t\t\t\t\t<div class=\"e-con-inner\">\n\t\t\t\t<div class=\"elementor-element elementor-element-c46e1ba elementor-widget elementor-widget-heading\" data-id=\"c46e1ba\" data-element_type=\"widget\" data-e-type=\"widget\" data-widget_type=\"heading.default\">\n\t\t\t\t\t<h2 class=\"elementor-heading-title elementor-size-default\">Motores para GENSET Volvo Penta<\/h2>\t\t\t\t<\/div>\n\t\t\t\t\t<\/div>\n\t\t\t\t<\/div>\n\t\t<div class=\"elementor-element elementor-element-42b733e e-flex e-con-boxed e-con e-parent\" data-id=\"42b733e\" data-element_type=\"container\" data-e-type=\"container\">\n\t\t\t\t\t<div class=\"e-con-inner\">\n\t\t<div class=\"elementor-element elementor-element-ed3b8b9 e-con-full e-flex e-con e-child\" data-id=\"ed3b8b9\" data-element_type=\"container\" data-e-type=\"container\">\n\t\t\t\t<div class=\"elementor-element elementor-element-9b1c265 elementor-widget elementor-widget-image\" data-id=\"9b1c265\" data-element_type=\"widget\" data-e-type=\"widget\" data-widget_type=\"image.default\">\n\t\t\t\t\t\t\t\t\t\t\t\t\t\t\t<img fetchpriority=\"high\" decoding=\"async\" width=\"1080\" height=\"1350\" src=\"https:\/\/eliasblanco.com\/volvopenta\/wp-content\/uploads\/2020\/04\/motores-genset-volvo-penta.png\" class=\"attachment-full size-full wp-image-2543\" alt=\"\" srcset=\"https:\/\/eliasblanco.com\/volvopenta\/wp-content\/uploads\/2020\/04\/motores-genset-volvo-penta.png 1080w, https:\/\/eliasblanco.com\/volvopenta\/wp-content\/uploads\/2020\/04\/motores-genset-volvo-penta-240x300.png 240w, https:\/\/eliasblanco.com\/volvopenta\/wp-content\/uploads\/2020\/04\/motores-genset-volvo-penta-819x1024.png 819w, https:\/\/eliasblanco.com\/volvopenta\/wp-content\/uploads\/2020\/04\/motores-genset-volvo-penta-768x960.png 768w\" sizes=\"(max-width: 1080px) 100vw, 1080px\" \/>\t\t\t\t\t\t\t\t\t\t\t\t\t\t\t<\/div>\n\t\t\t\t<\/div>\n\t\t<div class=\"elementor-element elementor-element-a89873e e-con-full e-flex e-con e-child\" data-id=\"a89873e\" data-element_type=\"container\" data-e-type=\"container\">\n\t\t\t\t<div class=\"elementor-element elementor-element-8676aae elementor-widget elementor-widget-text-editor\" data-id=\"8676aae\" data-element_type=\"widget\" data-e-type=\"widget\" data-widget_type=\"text-editor.default\">\n\t\t\t\t\t\t\t\t\t<p>El bajo coste de propiedad, con energ\u00eda diesel Volvo Penta, viene de los motores de alta eficiencia. \u00c9stos ofrecen una fiabilidad excepcional para el m\u00e1ximo tiempo de actividad. La f\u00e1cil instalaci\u00f3n y soporte en todo el mundo, tambi\u00e9n son razones por las que los productores de grupos electr\u00f3genos l\u00edderes en el mundo optan por Volvo Penta.<\/p><p class=\"wp-block-heading\">De alta calidad y fiabilidad, los motores Volvo Penta para GENSET han sido creados para las operaciones comerciales m\u00e1s exigentes imaginables: generamos camiones de carga pesada, todos los tipos de buques en el mar y, por supuesto, genset. Sin duda, largos intervalos de servicio, servicio r\u00e1pido y bajo volumen de aceite.<\/p><p>Los motores para GENSET Volvo Penta est\u00e1n dise\u00f1ados tanto para generar potencia motriz como para generar potencia de reserva, respondiendo a una amplia variedad de necesidades.\u00a0<strong>Nuestros motores de generaci\u00f3n el\u00e9ctrica est\u00e1n fabricados para soportar entornos complicados y responder a cualquier necesidad de potencia<\/strong>.<\/p><p>De hecho, todos nuestros motores son adecuados para ambas cosas, por lo que podr\u00e1 minimizar los costes de compra totales y la necesidad de espacio de almacenamiento. As\u00ed un \u00fanico motor puede realizar ambas tareas en caso necesario.<\/p><p>Con los\u00a0<strong>motores de potencia motriz Volvo Penta<\/strong>\u00a0se beneficiar\u00e1 de una potencia fiable y constante para su negocio. Con una fiabilidad y una durabilidad destacadas, puede estar seguro de que su negocio funcionar\u00e1 a pleno rendimiento.<\/p><p>Los\u00a0<strong>motores Volvo Penta para potencia de reserva<\/strong>, le proporcionar\u00e1n una capacidad de arranque segura y de una potencia de reserva de elevado efecto fiable cuando y donde lo necesite.<\/p><p>El rango de potencia\u00a0de los motores para genset va de 68 kWe a 557 kW (85 kVA a 697 kVA).<\/p><div class=\"wp-block-columns is-layout-flex wp-container-core-columns-is-layout-9d6595d7 wp-block-columns-is-layout-flex\"><div class=\"wp-block-column is-layout-flow wp-block-column-is-layout-flow\"><p><a href=\"https:\/\/www.volvopenta.es\/industrialpowergeneration\/es-es\/products\/engines\/ranges\/prime-power-pg.html\">Gama de potencia motriz<\/a><\/p><\/div><div class=\"wp-block-column is-layout-flow wp-block-column-is-layout-flow\"><p><a href=\"https:\/\/www.volvopenta.es\/industrialpowergeneration\/es-es\/products\/engines\/ranges\/stand-by.html\">Gama de potencia de reserva<\/a><\/p><\/div><\/div><p>Si tiene alguna duda y necesita asesoramiento, puede\u00a0<a href=\"https:\/\/eliasblanco.com\/volvopenta\/contact-us\/\" target=\"_blank\" rel=\"noreferrer noopener\">contactar\u00a0<\/a>con nosotros.<\/p><p>Y si sufres una aver\u00eda no te preocupes.\u00a0<a href=\"https:\/\/www.volvopenta.es\/industrialpowergeneration\/es-es\/products\/engines\/ranges\/stand-by\/options\/ownership-stand-by-pg\/volvo-penta-action-service.html\">Volvo Penta Action Service<\/a>\u00a0ofrece asistencia las 24h, todos los d\u00edas del a\u00f1o.<\/p>\t\t\t\t\t\t\t\t<\/div>\n\t\t\t\t<\/div>\n\t\t\t\t\t<\/div>\n\t\t\t\t<\/div>\n\t\t\t\t<\/div>\n\t\t","protected":false},"excerpt":{"rendered":"<p>Motores para GENSET Volvo Penta El bajo coste de propiedad, con energ\u00eda diesel Volvo Penta, viene de los motores de alta eficiencia. \u00c9stos ofrecen una fiabilidad excepcional para el m\u00e1ximo tiempo de actividad. La f\u00e1cil instalaci\u00f3n y soporte en todo el mundo, tambi\u00e9n son razones por las que los productores de grupos electr\u00f3genos l\u00edderes en [&hellip;]<\/p>\n","protected":false},"author":6,"featured_media":0,"parent":0,"menu_order":0,"comment_status":"closed","ping_status":"closed","template":"elementor_canvas","meta":{"_genesis_hide_title":false,"_genesis_hide_breadcrumbs":false,"_genesis_hide_singular_image":false,"_genesis_hide_footer_widgets":false,"_genesis_custom_body_class":"","_genesis_custom_post_class":"","_genesis_layout":"","footnotes":""},"class_list":{"0":"post-3537","1":"page","2":"type-page","3":"status-publish","5":"entry"},"featured_image_src":null,"featured_image_src_square":null,"_links":{"self":[{"href":"https:\/\/eliasblanco.com\/volvopenta\/wp-json\/wp\/v2\/pages\/3537","targetHints":{"allow":["GET"]}}],"collection":[{"href":"https:\/\/eliasblanco.com\/volvopenta\/wp-json\/wp\/v2\/pages"}],"about":[{"href":"https:\/\/eliasblanco.com\/volvopenta\/wp-json\/wp\/v2\/types\/page"}],"author":[{"embeddable":true,"href":"https:\/\/eliasblanco.com\/volvopenta\/wp-json\/wp\/v2\/users\/6"}],"replies":[{"embeddable":true,"href":"https:\/\/eliasblanco.com\/volvopenta\/wp-json\/wp\/v2\/comments?post=3537"}],"version-history":[{"count":8,"href":"https:\/\/eliasblanco.com\/volvopenta\/wp-json\/wp\/v2\/pages\/3537\/revisions"}],"predecessor-version":[{"id":3733,"href":"https:\/\/eliasblanco.com\/volvopenta\/wp-json\/wp\/v2\/pages\/3537\/revisions\/3733"}],"wp:attachment":[{"href":"https:\/\/eliasblanco.com\/volvopenta\/wp-json\/wp\/v2\/media?parent=3537"}],"curies":[{"name":"wp","href":"https:\/\/api.w.org\/{rel}","templated":true}]}}