{"id":3455,"date":"2026-04-23T12:25:59","date_gmt":"2026-04-23T12:25:59","guid":{"rendered":"https:\/\/eliasblanco.com\/volvopenta\/?page_id=3455"},"modified":"2026-05-05T18:30:08","modified_gmt":"2026-05-05T18:30:08","slug":"garantia-elias-blanco-volvo-penta","status":"publish","type":"page","link":"https:\/\/eliasblanco.com\/volvopenta\/garantia-elias-blanco-volvo-penta\/","title":{"rendered":"Garant\u00edas Elias Blanco Volvo Penta"},"content":{"rendered":"\t\t<div data-elementor-type=\"wp-page\" data-elementor-id=\"3455\" class=\"elementor elementor-3455\" data-elementor-post-type=\"page\">\n\t\t\t\t<div class=\"elementor-element elementor-element-00d2c2c e-flex e-con-boxed e-con e-parent\" data-id=\"00d2c2c\" data-element_type=\"container\" data-e-type=\"container\">\n\t\t\t\t\t<div class=\"e-con-inner\">\n\t\t\t\t<div class=\"elementor-element elementor-element-0b00504 elementor-widget elementor-widget-heading\" data-id=\"0b00504\" data-element_type=\"widget\" data-e-type=\"widget\" data-widget_type=\"heading.default\">\n\t\t\t\t\t<h2 class=\"elementor-heading-title elementor-size-default\">garantia<\/h2>\t\t\t\t<\/div>\n\t\t\t\t\t<\/div>\n\t\t\t\t<\/div>\n\t\t<div class=\"elementor-element elementor-element-d1cdf65 e-flex e-con-boxed e-con e-parent\" data-id=\"d1cdf65\" data-element_type=\"container\" data-e-type=\"container\">\n\t\t\t\t\t<div class=\"e-con-inner\">\n\t\t\t\t<div class=\"elementor-element elementor-element-a56d1ed elementor-widget elementor-widget-heading\" data-id=\"a56d1ed\" data-element_type=\"widget\" data-e-type=\"widget\" data-widget_type=\"heading.default\">\n\t\t\t\t\t<h2 class=\"elementor-heading-title elementor-size-default\">La seguridad del trabajo bien hecho\n<\/h2>\t\t\t\t<\/div>\n\t\t\t\t\t<\/div>\n\t\t\t\t<\/div>\n\t\t<div class=\"elementor-element elementor-element-7026d14 e-flex e-con-boxed e-con e-parent\" data-id=\"7026d14\" data-element_type=\"container\" data-e-type=\"container\">\n\t\t\t\t\t<div class=\"e-con-inner\">\n\t\t<div class=\"elementor-element elementor-element-2fdadc9 e-con-full e-flex e-con e-child\" data-id=\"2fdadc9\" data-element_type=\"container\" data-e-type=\"container\">\n\t\t\t\t<div class=\"elementor-element elementor-element-77425c9 elementor-widget elementor-widget-image\" data-id=\"77425c9\" data-element_type=\"widget\" data-e-type=\"widget\" data-widget_type=\"image.default\">\n\t\t\t\t\t\t\t\t\t\t\t\t\t\t\t<img fetchpriority=\"high\" decoding=\"async\" width=\"1600\" height=\"2000\" src=\"https:\/\/eliasblanco.com\/volvopenta\/wp-content\/uploads\/2020\/04\/reparacion-y-garantia-VP.png\" class=\"attachment-full size-full wp-image-2170\" alt=\"garantia Elias Blanco y Volvo Penta\" srcset=\"https:\/\/eliasblanco.com\/volvopenta\/wp-content\/uploads\/2020\/04\/reparacion-y-garantia-VP.png 1600w, https:\/\/eliasblanco.com\/volvopenta\/wp-content\/uploads\/2020\/04\/reparacion-y-garantia-VP-240x300.png 240w, https:\/\/eliasblanco.com\/volvopenta\/wp-content\/uploads\/2020\/04\/reparacion-y-garantia-VP-819x1024.png 819w, https:\/\/eliasblanco.com\/volvopenta\/wp-content\/uploads\/2020\/04\/reparacion-y-garantia-VP-768x960.png 768w, https:\/\/eliasblanco.com\/volvopenta\/wp-content\/uploads\/2020\/04\/reparacion-y-garantia-VP-1229x1536.png 1229w\" sizes=\"(max-width: 1600px) 100vw, 1600px\" \/>\t\t\t\t\t\t\t\t\t\t\t\t\t\t\t<\/div>\n\t\t\t\t<\/div>\n\t\t<div class=\"elementor-element elementor-element-7649a3a e-con-full e-flex e-con e-child\" data-id=\"7649a3a\" data-element_type=\"container\" data-e-type=\"container\">\n\t\t\t\t<div class=\"elementor-element elementor-element-b267e67 elementor-widget elementor-widget-text-editor\" data-id=\"b267e67\" data-element_type=\"widget\" data-e-type=\"widget\" data-widget_type=\"text-editor.default\">\n\t\t\t\t\t\t\t\t\t<p class=\"wp-block-heading\"><a href=\"http:\/\/www.eliasblanco.com\/\">Elias Blanco SL<\/a>\u00a0, como taller mecanico naval e industrial, est\u00e1 certificado por normas ISO 9001 y 14001. Por lo tanto aplica las garant\u00edas de sus reparaciones, tanto para particulares como para profesionales.<br \/>La garant\u00eda legal es de 3 meses para los particulares y de 15 d\u00edas para los profesionales. As\u00ed lo marca la ley.<\/p><p>Aunque como servicio oficial Volvo Penta que somos, aplicamos\u00a0<a href=\"https:\/\/eliasblanco.com\/volvopenta\/garantia-volvo-penta\/\">la garant\u00eda comercial internacional de Volvo Penta<\/a>\u00a0cuando reparamos motores o componentes de los motores de dicha marca.<br \/>El material Volvo Penta tiene una garant\u00eda de 1 a\u00f1o pero cuando este material original esta montado por nosotros, \u00e9sta se extiende a 2 a\u00f1os.<br \/>Adem\u00e1s esta garant\u00eda se aplica en toda Europa y puede ser ejecutada por cualquier servicio oficial Volvo Penta.<\/p><p>Disponemos de personal altamente cualificado y en continua formaci\u00f3n, as\u00ed como de herramientas b\u00e1sicas y especiales. Por lo tanto podemos identificar y arreglar\u00a0<strong>cualquier problema con su motor<\/strong>: ya sea\u00a0<a href=\"https:\/\/eliasblanco.com\/volvopenta\/reparacion\/\">reparaci\u00f3n completa de motor<\/a>, limpieza de sistema de refrigeraci\u00f3n o reparaci\u00f3n de turbo. Igualmente a\u00f1os de experiencia nos avalan. De esta manera podemos garantizar los resultados de las intervenciones que realizamos, tanto en taller como in situ.<\/p><p>Tambi\u00e9n nos servimos del\u00a0<a href=\"https:\/\/eliasblanco.com\/volvopenta\/analisis-de-aceite\/\">an\u00e1lisis de aceite<\/a>, que nos facilita la realizaci\u00f3n de un diagn\u00f3stico fiable. As\u00ed podemos dar con el problema en menos tiempo y de manera m\u00e1s segura.<\/p><p>Nuestro departamento de ingenier\u00eda ha desarrollado una herramienta, el\u00a0<a href=\"https:\/\/www.ebengineering.eu\/ebcontroller\/\">EBController<\/a>. Con ella que podemos manejar, diagnosticar y monitorizar cualquier motor de combustion interna de gesti\u00f3n electr\u00f3nica. Por tanto podemos hacer las pruebas necesarias en nuestras instalaciones. Sin duda, gracias a \u00e9l, el cliente puede estar seguro de que su motor funciona perfectamente antes de ser instalado en su m\u00e1quina\/barco.<\/p><p>Nuestro deseo es la satisfacci\u00f3n del cliente. Por eso trabajamos duro para garantizar rapidez, eficacia y saber hacer. Es decir, resultados.<\/p><p>No dudes en\u00a0<a href=\"https:\/\/eliasblanco.com\/volvopenta\/contacto\/\">contactar<\/a>\u00a0con nosotros.<\/p><p>Puedes comprar tu recambio original Volvo Penta en nuestra\u00a0<a href=\"https:\/\/www.volvopenta.com\/shop\/523839\" target=\"_blank\" rel=\"noreferrer noopener\">tienda online volvo penta shop<\/a>.<\/p>\t\t\t\t\t\t\t\t<\/div>\n\t\t\t\t<\/div>\n\t\t\t\t\t<\/div>\n\t\t\t\t<\/div>\n\t\t\t\t<\/div>\n\t\t","protected":false},"excerpt":{"rendered":"<p>garantia La seguridad del trabajo bien hecho Elias Blanco SL\u00a0, como taller mecanico naval e industrial, est\u00e1 certificado por normas ISO 9001 y 14001. Por lo tanto aplica las garant\u00edas de sus reparaciones, tanto para particulares como para profesionales.La garant\u00eda legal es de 3 meses para los particulares y de 15 d\u00edas para los profesionales. [&hellip;]<\/p>\n","protected":false},"author":6,"featured_media":0,"parent":0,"menu_order":0,"comment_status":"closed","ping_status":"closed","template":"elementor_canvas","meta":{"_genesis_hide_title":false,"_genesis_hide_breadcrumbs":false,"_genesis_hide_singular_image":false,"_genesis_hide_footer_widgets":false,"_genesis_custom_body_class":"","_genesis_custom_post_class":"","_genesis_layout":"","footnotes":""},"class_list":{"0":"post-3455","1":"page","2":"type-page","3":"status-publish","5":"entry"},"featured_image_src":null,"featured_image_src_square":null,"_links":{"self":[{"href":"https:\/\/eliasblanco.com\/volvopenta\/wp-json\/wp\/v2\/pages\/3455","targetHints":{"allow":["GET"]}}],"collection":[{"href":"https:\/\/eliasblanco.com\/volvopenta\/wp-json\/wp\/v2\/pages"}],"about":[{"href":"https:\/\/eliasblanco.com\/volvopenta\/wp-json\/wp\/v2\/types\/page"}],"author":[{"embeddable":true,"href":"https:\/\/eliasblanco.com\/volvopenta\/wp-json\/wp\/v2\/users\/6"}],"replies":[{"embeddable":true,"href":"https:\/\/eliasblanco.com\/volvopenta\/wp-json\/wp\/v2\/comments?post=3455"}],"version-history":[{"count":9,"href":"https:\/\/eliasblanco.com\/volvopenta\/wp-json\/wp\/v2\/pages\/3455\/revisions"}],"predecessor-version":[{"id":3850,"href":"https:\/\/eliasblanco.com\/volvopenta\/wp-json\/wp\/v2\/pages\/3455\/revisions\/3850"}],"wp:attachment":[{"href":"https:\/\/eliasblanco.com\/volvopenta\/wp-json\/wp\/v2\/media?parent=3455"}],"curies":[{"name":"wp","href":"https:\/\/api.w.org\/{rel}","templated":true}]}}