{"id":2,"date":"2019-11-01T19:25:47","date_gmt":"2019-11-01T19:25:47","guid":{"rendered":"https:\/\/macawebtest.com\/pruebe-VOLVO\/?page_id=2"},"modified":"2026-05-09T17:22:12","modified_gmt":"2026-05-09T17:22:12","slug":"varadero3","status":"publish","type":"page","link":"https:\/\/eliasblanco.com\/volvopenta\/varadero3\/","title":{"rendered":"Varadero3"},"content":{"rendered":"\n<figure class=\"wp-block-image alignfull size-full\"><img fetchpriority=\"high\" decoding=\"async\" width=\"2560\" height=\"900\" src=\"https:\/\/macawebtest.com\/pruebe-VOLVO\/wp-content\/uploads\/2020\/04\/Alcaidesa-barcos-landscape-varadero2-1.png\" alt=\"Varadero Alcaidesa Marina\" class=\"wp-image-2204\" srcset=\"https:\/\/eliasblanco.com\/volvopenta\/wp-content\/uploads\/2020\/04\/Alcaidesa-barcos-landscape-varadero2-1.png 2560w, https:\/\/eliasblanco.com\/volvopenta\/wp-content\/uploads\/2020\/04\/Alcaidesa-barcos-landscape-varadero2-1-300x105.png 300w, https:\/\/eliasblanco.com\/volvopenta\/wp-content\/uploads\/2020\/04\/Alcaidesa-barcos-landscape-varadero2-1-1024x360.png 1024w, https:\/\/eliasblanco.com\/volvopenta\/wp-content\/uploads\/2020\/04\/Alcaidesa-barcos-landscape-varadero2-1-768x270.png 768w, https:\/\/eliasblanco.com\/volvopenta\/wp-content\/uploads\/2020\/04\/Alcaidesa-barcos-landscape-varadero2-1-1536x540.png 1536w, https:\/\/eliasblanco.com\/volvopenta\/wp-content\/uploads\/2020\/04\/Alcaidesa-barcos-landscape-varadero2-1-2048x720.png 2048w\" sizes=\"(max-width: 2560px) 100vw, 2560px\" \/><\/figure>\n\n\n\n<div style=\"color:#ddd\" class=\"wp-block-atomic-blocks-ab-spacer ab-block-spacer ab-divider-solid ab-divider-size-1\"><hr style=\"height:16px\"\/><\/div>\n\n\n\n<h1 class=\"wp-block-heading has-text-align-center h1-informacion\">VARADERO<\/h1>\n\n\n\n<div class=\"wp-block-atomic-blocks-ab-container texto-varadero ab-block-container alignfull\"><div class=\"ab-container-inside\"><div class=\"ab-container-content\" style=\"max-width:1280px\">\n<p class=\"justify\">En <a href=\"http:\/\/www.eliasblanco.com\">Elias Blanco S.L<\/a>, con Volvo Penta, prestamos servicio en el <strong>varadero del Puerto deportivo Alcaidesa Marina a 5mn de la frontera con Gibraltar<\/strong>. <\/p>\n\n\n\n<h3 class=\"wp-block-heading\">Adem\u00e1s de servicio de varadero, la marina cuenta con una amplia gama de <a href=\"https:\/\/eliasblanco.com\/volvopenta\/servicios\/\">servicios<\/a> para el confort de embarcaciones y tripulantes. Por ejemplo: <strong>abastecimiento de combustible<\/strong>, recogida de residuos, <strong>vigilancia 24h<\/strong>, <strong>WIFI gratuito en toda la marina<\/strong>, <strong>servicio de mariner\u00eda<\/strong>, <strong>parking<\/strong>, <strong>lavander\u00eda<\/strong>, <strong>duchas y ba\u00f1os<\/strong> y <strong>cafeter\u00eda<\/strong>.<\/h3>\n\n\n\n<p class=\"justify\">Nuestras instalaciones est\u00e1n abiertas de 8:00h a 14:00h y de 15:00 a 16:00 para atender a sus peticiones de servicios o de recambios. Adem\u00e1s <strong>nuestros t\u00e9cnicos pueden intervenir a cualquier hora en caso de urgencia<\/strong>.<\/p>\n\n\n\n<h3 class=\"wp-block-heading justify\">El varadero cuenta con una zona acondicionada de mas de 10.000 m2, una gr\u00faa elevadora de 75 Tn y un foso de 20m x 8m. Se realizan servicios de varada, botadura, limpieza y patente. Tambi\u00e9n disponemos de medios propios como una carretilla elevadora, un torno para mecanizar y un stock de materiales imprescindibles para reparaci\u00f3n y mantenimiento de barcos.<\/h3>\n\n\n\n<p class=\"justify\">Del mismo modo <strong>contamos con un amplio stock de recambios y accesorios Volvo Penta<\/strong> in situ, <strong>herramientas de diagnosis y de reparaci\u00f3n<\/strong> especiales. Por otro lado, si no disponemos de los recambios necesarios en el momento, las recibimos en 24h en el 99% de los casos.  Trabajamos con todas las marcas de efectos navales y accesorios electr\u00f3nicos. <\/p>\n\n\n\n<p class=\"justify\">Finalmente, nuestro <strong>personal<\/strong> est\u00e1 <strong>cualificado y continuamente formado<\/strong> para poder identificar y arreglar <strong>cualquier problema con su embarcaci\u00f3n.<\/strong><\/p>\n<\/div><\/div><\/div>\n\n\n\n<div style=\"color:#ddd\" class=\"wp-block-atomic-blocks-ab-spacer ab-block-spacer ab-divider-solid ab-divider-size-1\"><hr style=\"height:17px\"\/><\/div>\n\n\n\n<div class=\"wp-block-atomic-blocks-ab-container ab-block-container alignfull\"><div class=\"ab-container-inside\"><div class=\"ab-container-content\" style=\"max-width:1280px\">\n<h2 class=\"wp-block-heading has-text-align-center\">SERVICIOS<\/h2>\n\n\n\n<div style=\"color:#ddd\" class=\"wp-block-atomic-blocks-ab-spacer ab-block-spacer ab-divider-solid ab-divider-size-1\"><hr style=\"height:30px\"\/><\/div>\n<\/div><\/div><\/div>\n\n\n\n<div class=\"wp-block-columns alignwide columnas-iconos is-layout-flex wp-container-core-columns-is-layout-9d6595d7 wp-block-columns-is-layout-flex\">\n<div class=\"wp-block-column is-layout-flow wp-block-column-is-layout-flow\">\n<center><i class=\"fas fa-ship\"><\/i><\/center>\n\n\n\n<h2 class=\"wp-block-heading has-text-align-center\">Fibra Y Pintura <\/h2>\n\n\n\n<p class=\"has-text-align-center\">Pintura de obra viva y muerta<br>Reparaci\u00f3n de golpe<br>Modificaci\u00f3n de casco o adaptaciones<\/p>\n<\/div>\n\n\n\n<div class=\"wp-block-column is-layout-flow wp-block-column-is-layout-flow\">\n<center><i class=\"fas fa-tools\"><\/i>\n<\/center>\n\n\n\n<h2 class=\"wp-block-heading has-text-align-center\">Reparaci\u00f3n Y Remotorizaci\u00f3n<\/h2>\n\n\n\n<p class=\"has-text-align-center\">Optimizaci\u00f3n de consumo<br>Overhaul de motores<br>Sistema hidr\u00e1ulico o mec\u00e1nico<br>Reparacion de reductora o de cola<\/p>\n<\/div>\n\n\n\n<div class=\"wp-block-column is-layout-flow wp-block-column-is-layout-flow\">\n<center><i class=\"fas fa-fan\"><\/i><\/center>\n\n\n\n<h2 class=\"wp-block-heading has-text-align-center\">Propulsi\u00f3n<\/h2>\n\n\n\n<p class=\"has-text-align-center\">Cambio o limpieza de helices<br>Calculo de helices<br>H\u00e9lice de proa<\/p>\n\n\n\n<p><\/p>\n<\/div>\n<\/div>\n\n\n\n<div class=\"wp-block-columns alignwide columnas-iconos is-layout-flex wp-container-core-columns-is-layout-9d6595d7 wp-block-columns-is-layout-flex\">\n<div class=\"wp-block-column is-layout-flow wp-block-column-is-layout-flow\">\n<center><i class=\"fas fa-car-battery\"><\/i><\/center>\n\n\n\n<h2 class=\"wp-block-heading has-text-align-center\">Electricidad<\/h2>\n\n\n\n<p class=\"has-text-align-center\">Sistema de baterias<br>Alternador<br>Grupos electr\u00f3genos a bordo<br>Aire acondicionado<\/p>\n<\/div>\n\n\n\n<div class=\"wp-block-column is-layout-flow wp-block-column-is-layout-flow\">\n<center><i class=\"far fa-oil-can\"><\/i>\n<\/center>\n\n\n\n<h2 class=\"wp-block-heading has-text-align-center\">Mantenimiento<\/h2>\n\n\n\n<p class=\"has-text-align-center\">Cambio de filtros, aceite, refrigerante, anodos, correas e impeller<br>Ajuste de valvulas.<br>Calibracion de inyectores.<\/p>\n<\/div>\n\n\n\n<div class=\"wp-block-column is-layout-flow wp-block-column-is-layout-flow\">\n<center><i class=\"fas fa-tachometer-alt\"><\/i>\n<\/center>\n\n\n\n<h2 class=\"wp-block-heading has-text-align-center\">Electr\u00f3nica embarcada<\/h2>\n\n\n\n<p class=\"has-text-align-center\">Actualizacion de Software.<br>Diagnostico electronico.<br>Monitorizacion a medida de motores<br>C\u00f3digo de errores<\/p>\n<\/div>\n<\/div>\n\n\n\n<div style=\"color:#ddd\" class=\"wp-block-atomic-blocks-ab-spacer ab-block-spacer ab-divider-solid ab-divider-size-1\"><hr style=\"height:10px\"\/><\/div>\n\n\n\n<div class=\"wp-block-atomic-blocks-ab-container ab-block-container alignfull\"><div class=\"ab-container-inside\"><div class=\"ab-container-content\">\n<div style=\"color:#ddd\" class=\"wp-block-atomic-blocks-ab-spacer ab-block-spacer ab-divider-solid ab-spacer-divider ab-divider-size-1\"><hr style=\"height:75px\"\/><\/div>\n\n\n\n<div style=\"color:#ddd\" class=\"wp-block-atomic-blocks-ab-spacer ab-block-spacer ab-divider-solid ab-divider-size-1\"><hr style=\"height:30px\"\/><\/div>\n\n\n\n<div class=\"wp-block-atomic-blocks-ab-container prefooter ab-block-container alignfull\"><div class=\"ab-container-inside\"><div class=\"ab-container-content\" style=\"max-width:1280px\">\n<div class=\"wp-block-atomic-blocks-ab-columns ab-layout-columns-3 ab-3-col-equal aligncenter\"><div class=\"ab-layout-column-wrap ab-block-layout-column-gap-2 ab-is-responsive-column\">\n<div class=\"wp-block-atomic-blocks-ab-column ab-block-layout-column\"><div class=\"ab-block-layout-column-inner\" style=\"text-align:center\">\n<div class=\"wp-block-image\"><figure class=\"aligncenter size-large\"><a href=\"https:\/\/www.volvopenta.es\/\" target=\"_blank\" rel=\"noopener noreferrer\"><img decoding=\"async\" width=\"948\" height=\"191\" src=\"https:\/\/macawebtest.com\/pruebe-VOLVO\/wp-content\/uploads\/2020\/04\/VPC-prefooter.png\" alt=\"\" class=\"wp-image-2886\" srcset=\"https:\/\/eliasblanco.com\/volvopenta\/wp-content\/uploads\/2020\/04\/VPC-prefooter.png 948w, https:\/\/eliasblanco.com\/volvopenta\/wp-content\/uploads\/2020\/04\/VPC-prefooter-300x60.png 300w, https:\/\/eliasblanco.com\/volvopenta\/wp-content\/uploads\/2020\/04\/VPC-prefooter-768x155.png 768w\" sizes=\"(max-width: 948px) 100vw, 948px\" \/><\/a><\/figure><\/div>\n\n\n\n<div class=\"wp-block-image\"><figure class=\"aligncenter size-large\"><a href=\"https:\/\/www.eliasblanco.com\/\" target=\"_blank\" rel=\"noopener noreferrer\"><img decoding=\"async\" width=\"948\" height=\"225\" src=\"https:\/\/macawebtest.com\/pruebe-VOLVO\/wp-content\/uploads\/2020\/04\/EB-prefooter.png\" alt=\"\" class=\"wp-image-2899\" srcset=\"https:\/\/eliasblanco.com\/volvopenta\/wp-content\/uploads\/2020\/04\/EB-prefooter.png 948w, https:\/\/eliasblanco.com\/volvopenta\/wp-content\/uploads\/2020\/04\/EB-prefooter-300x71.png 300w, https:\/\/eliasblanco.com\/volvopenta\/wp-content\/uploads\/2020\/04\/EB-prefooter-768x182.png 768w\" sizes=\"(max-width: 948px) 100vw, 948px\" \/><\/a><\/figure><\/div>\n\n\n\n<div class=\"wp-block-image\"><figure class=\"aligncenter size-large\"><a href=\"https:\/\/www.ebengineering.eu\/\" target=\"_blank\" rel=\"noopener noreferrer\"><img loading=\"lazy\" decoding=\"async\" width=\"948\" height=\"191\" src=\"https:\/\/macawebtest.com\/pruebe-VOLVO\/wp-content\/uploads\/2020\/04\/EBe-prefooter.png\" alt=\"\" class=\"wp-image-2900\" srcset=\"https:\/\/eliasblanco.com\/volvopenta\/wp-content\/uploads\/2020\/04\/EBe-prefooter.png 948w, https:\/\/eliasblanco.com\/volvopenta\/wp-content\/uploads\/2020\/04\/EBe-prefooter-300x60.png 300w, https:\/\/eliasblanco.com\/volvopenta\/wp-content\/uploads\/2020\/04\/EBe-prefooter-768x155.png 768w\" sizes=\"(max-width: 948px) 100vw, 948px\" \/><\/a><\/figure><\/div>\n<\/div><\/div>\n\n\n\n<div class=\"wp-block-atomic-blocks-ab-column ab-block-layout-column\"><div class=\"ab-block-layout-column-inner\" style=\"text-align:center\">\n<div class=\"wp-block-image\"><figure class=\"aligncenter size-large\"><a href=\"https:\/\/www.volvopenta.com\/shop\/523839\" target=\"_blank\" rel=\"noopener noreferrer\"><img loading=\"lazy\" decoding=\"async\" width=\"948\" height=\"872\" src=\"https:\/\/macawebtest.com\/pruebe-VOLVO\/wp-content\/uploads\/2020\/04\/VPS-prefooter.png\" alt=\"\" class=\"wp-image-2887\" srcset=\"https:\/\/eliasblanco.com\/volvopenta\/wp-content\/uploads\/2020\/04\/VPS-prefooter.png 948w, https:\/\/eliasblanco.com\/volvopenta\/wp-content\/uploads\/2020\/04\/VPS-prefooter-300x276.png 300w, https:\/\/eliasblanco.com\/volvopenta\/wp-content\/uploads\/2020\/04\/VPS-prefooter-768x706.png 768w\" sizes=\"(max-width: 948px) 100vw, 948px\" \/><\/a><\/figure><\/div>\n<\/div><\/div>\n\n\n\n<div class=\"wp-block-atomic-blocks-ab-column ab-block-layout-column\"><div class=\"ab-block-layout-column-inner\">\n<div class=\"wp-block-image\"><figure class=\"aligncenter size-large\"><a href=\"https:\/\/www.volvopenta.es\/marineleisure\/es-es\/for-owners\/service\/volvo-penta-action-service.html\" target=\"_blank\" rel=\"noopener noreferrer\"><img loading=\"lazy\" decoding=\"async\" width=\"948\" height=\"872\" src=\"https:\/\/macawebtest.com\/pruebe-VOLVO\/wp-content\/uploads\/2020\/04\/VPAS-prefooter.png\" alt=\"\" class=\"wp-image-2888\" srcset=\"https:\/\/eliasblanco.com\/volvopenta\/wp-content\/uploads\/2020\/04\/VPAS-prefooter.png 948w, https:\/\/eliasblanco.com\/volvopenta\/wp-content\/uploads\/2020\/04\/VPAS-prefooter-300x276.png 300w, https:\/\/eliasblanco.com\/volvopenta\/wp-content\/uploads\/2020\/04\/VPAS-prefooter-768x706.png 768w\" sizes=\"(max-width: 948px) 100vw, 948px\" \/><\/a><\/figure><\/div>\n<\/div><\/div>\n<\/div><\/div>\n\n\n\n<p><\/p>\n<\/div><\/div><\/div>\n<\/div><\/div><\/div>\n","protected":false},"excerpt":{"rendered":"<p>VARADERO Fibra Y Pintura Pintura de obra viva y muertaReparaci\u00f3n de golpeModificaci\u00f3n de casco o adaptaciones Reparaci\u00f3n Y Remotorizaci\u00f3n Optimizaci\u00f3n de consumoOverhaul de motoresSistema hidr\u00e1ulico o mec\u00e1nicoReparacion de reductora o de cola Propulsi\u00f3n Cambio o limpieza de helicesCalculo de helicesH\u00e9lice de proa Electricidad Sistema de bateriasAlternadorGrupos electr\u00f3genos a bordoAire acondicionado Mantenimiento Cambio de filtros, aceite, [&hellip;]<\/p>\n","protected":false},"author":4,"featured_media":0,"parent":0,"menu_order":0,"comment_status":"closed","ping_status":"closed","template":"","meta":{"_genesis_hide_title":false,"_genesis_hide_breadcrumbs":false,"_genesis_hide_singular_image":false,"_genesis_hide_footer_widgets":false,"_genesis_custom_body_class":"varadero","_genesis_custom_post_class":"varadero","_genesis_layout":"","footnotes":""},"class_list":{"0":"post-2","1":"page","2":"type-page","3":"status-publish","5":"entry","6":"has-post-thumbnail","7":"varadero"},"featured_image_src":null,"featured_image_src_square":null,"_links":{"self":[{"href":"https:\/\/eliasblanco.com\/volvopenta\/wp-json\/wp\/v2\/pages\/2","targetHints":{"allow":["GET"]}}],"collection":[{"href":"https:\/\/eliasblanco.com\/volvopenta\/wp-json\/wp\/v2\/pages"}],"about":[{"href":"https:\/\/eliasblanco.com\/volvopenta\/wp-json\/wp\/v2\/types\/page"}],"author":[{"embeddable":true,"href":"https:\/\/eliasblanco.com\/volvopenta\/wp-json\/wp\/v2\/users\/4"}],"replies":[{"embeddable":true,"href":"https:\/\/eliasblanco.com\/volvopenta\/wp-json\/wp\/v2\/comments?post=2"}],"version-history":[{"count":31,"href":"https:\/\/eliasblanco.com\/volvopenta\/wp-json\/wp\/v2\/pages\/2\/revisions"}],"predecessor-version":[{"id":3911,"href":"https:\/\/eliasblanco.com\/volvopenta\/wp-json\/wp\/v2\/pages\/2\/revisions\/3911"}],"wp:attachment":[{"href":"https:\/\/eliasblanco.com\/volvopenta\/wp-json\/wp\/v2\/media?parent=2"}],"curies":[{"name":"wp","href":"https:\/\/api.w.org\/{rel}","templated":true}]}}